lse
Suppose -3*o + 0*z = z - 85, 5*o + 4*z = 151. Let v = -210 - -301. Let c = o + v. Is c composite?
True
Let m = 42 - 40. Suppose -m*i + 22 - 14 = 0. Suppose i*b - 4*z = 2156, 2170 = -3*b + 7*b + 3*z. Is b composite?
False
Let m(i) = i**2 + 9*i - 130. Let p be m(-17). Suppose -2*r = -0*r - 8. Suppose -p*k = -r*k - 1042. Is k composite?
False
Let h(d) = d**3 - 4*d**2 - 10*d + 8. Suppose 3*r + i + 4*i - 39 = 0, 0 = -5*r + 3*i + 99. Let g(u) = 2*u - 23. Let p be g(r). Is h(p) prime?
True
Let b(m) = -110*m**3 + 9*m**2 - 7*m - 13. Let u be b(-8). Let j = u - 33336. Is j composite?
False
Let x be (-656)/(-20) + 3/15. Suppose 5*d - 78 + x = 0. Is 966/d*21/14 composite?
True
Let l(r) = -5*r**2 - 65*r + 49. Let o(m) = -2*m**2 - 22*m + 16. Let s(a) = 3*l(a) - 8*o(a). Let i be s(18). Is 632/i - (-8)/24*-3 a prime number?
True
Suppose 690*y - 8 = 688*y. Let x(t) = 400*t + 103. Is x(y) prime?
False
Let j(h) = -5*h**3 + 29*h - 15 - 7*h**2 + 4*h**3 - h**3 + h**3. Let n be j(-10). Let q(a) = -3*a**3 - 4*a**2 + 5*a + 12. Is q(n) prime?
False
Let o be (-8945)/4 - 2/(-8). Let s = 4280 + -1089. Let q = o + s. Is q a composite number?
True
Suppose 2*z - w = 152681, -z + 5*w + 79773 - 3437 = 0. Is z a composite number?
True
Suppose 0 = -2*i + 3*a + 8, 0 = -2*i + a + 4*a + 4. Let o(f) = 19*f**3 - 12*f**2 + 9*f + 15. Is o(i) a prime number?
True
Is 281510 + 4 + -18 + 13 composite?
False
Let r = 119136 - -234709. Is r composite?
True
Let c(o) = 558*o**2 + o + 1. Let j be c(1). Suppose 556*x + 5756 = j*x. Is x a prime number?
True
Let v(y) = 6796*y**2 + 231*y + 77. Is v(-20) a prime number?
False
Suppose -4*k = -11*k - 14. Let r be (-10 - -1705) + 2 + k. Suppose 5*n + 660 = -5*h + r, 8 = -2*h. Is n prime?
True
Let y = -494 + 914. Let x = -263 + y. Is x prime?
True
Let w(t) = 6 + 1618*t + 1048*t + 94*t - 9. Is w(1) a composite number?
True
Let g be 6 + 77822/5 + (-2)/5. Let v = -10681 + g. Is v prime?
True
Suppose 202*n + 21*n - 10*n = 362824413. Is n a composite number?
True
Suppose 4*b + 56653 = 3*o - 117074, 4*o - 231686 = -3*b. Is o a composite number?
False
Suppose 103*c = 109*c + 18. Let o(m) = -3515*m - 16. Is o(c) composite?
False
Let w(o) = -379*o - 126. Let y be w(-7). Let k = -353 + y. Is k prime?
False
Suppose -162 = -9*q - 0*q. Suppose -q*y + 53035 = -5483. Is y a composite number?
False
Let v(l) = 142*l**2 - 93*l + 59. Let n(i) = -71*i**2 + 46*i - 29. Let f(y) = -7*n(y) - 3*v(y). Let b(k) be the first derivative of f(k). Is b(6) composite?
False
Suppose 9*b = 11*b - 34. Suppose -b*j = -19*j + 4. Suppose 5*k = -d + 3949, k - j*d = d + 777. Is k a composite number?
True
Let a = -36 + 42. Suppose g - 5*r = a, 5*r = -7 - 3. Is (5/(-20))/(g/72208) a composite number?
False
Let s(n) = -n + 10. Suppose 4*h - 3*a - 18 = 0, -3*h + 2*a + a + 12 = 0. Let t be s(h). Suppose -5*k - 2*g + 13537 = 2438, -t*g = 4*k - 8884. Is k composite?
True
Let g(a) = 7*a**2 + 85*a - 647. Is g(53) a prime number?
False
Let s(h) = -3*h - 6. Let f be s(0). Is 1005 - (42/(-56))/(f/16) a prime number?
False
Let x(g) = 6*g**3 - 33*g**2 - 16*g + 14. Is x(25) a composite number?
False
Suppose -10*s + 2*s = 15120. Let a = s + 4657. Is a composite?
False
Let z = 1475 - -7752. Is z a composite number?
False
Let o = 35 + -34. Is 24/20*(-6280)/(-6) - o a composite number?
True
Suppose 3*w = 8*n - 1790 + 11405, 12866 = 4*w - 3*n. Is w composite?
False
Suppose 3998*h - 2066990 = 3988*h. Is h a prime number?
True
Let r be -2*3/(24/(-20)). Suppose 3*s - 2*d = 7*s - 109498, -r*s - 3*d + 136870 = 0. Is s composite?
True
Is (-1412335 - (-12)/(-6))*30/(-90) a composite number?
False
Suppose -16*b + 194 = -21*b - 4*p, 0 = -5*b - 3*p - 198. Let o = -26 - -51. Let a = o - b. Is a a prime number?
True
Suppose -433*u = -430*u - 12, 0 = -5*i + 5*u + 82290. Is i a composite number?
True
Let i(v) = -v**2 + 1. Let s(a) = 30*a**2 + 5*a + 14. Let n(t) = 2*i(t) + s(t). Is n(-3) a prime number?
False
Let f(o) be the second derivative of -3/20*o**5 - 13/2*o**2 - 13/12*o**4 - 2/3*o**3 + 0 + o. Is f(-6) a composite number?
False
Let d = 295912 - 176544. Suppose -t - 7*t = -d. Is t a composite number?
True
Let k = -8802 + 64379. Is k composite?
True
Let f(v) = v**3 - v + 153 - 115 - 78 + 6*v - 24*v**2. Let l be f(22). Let i = l + 1553. Is i composite?
True
Let y(o) = -o**2 - o + 377. Suppose -3*x + 4*x = 0. Let p be (-4 + 66/18)*(0 - x). Is y(p) a prime number?
False
Suppose 3*t = 4*s - 28706 - 10167, -5*s = t - 48558. Is s prime?
False
Suppose -b + 360 = 8*b. Suppose 0 = -b*n + 39*n + 3. Suppose -5*c - 4*p + 844 = -c, -n*c + 633 = -p. Is c composite?
False
Let b = -38 - -45. Let q be (b/(-3))/(21/(-63)). Suppose -q*t = -2*t - 5505. Is t prime?
False
Let u(w) = -w**3 + 12*w**2 + 10*w + 4. Let h be u(13). Let b = h - -51. Suppose 20*m = b*m + 1564. Is m prime?
False
Let w(y) = -98876*y + 5779. Is w(-14) prime?
True
Suppose 0 = 4*x + 3*b - 3, -b = 4*x - 1 - 8. Let f(z) = 4 + z**2 + 0*z**2 + 6*z - 5*z**2 + 2 - 7*z**x. Is f(-5) composite?
False
Let z be 2 + -1 + (-2 - -1). Suppose z = 2*b - 5*b - 927. Let p = b - -520. Is p a composite number?
False
Let b(o) = 1133*o**2 - 66*o + 126. Is b(17) composite?
False
Let u(v) = -v**2 - v - 3. Let n be u(-4). Let y(p) = -p**3 - 14*p**2 + 15*p + 4. Let f be y(n). Suppose -l - 705 = -f*l. Is l composite?
True
Suppose 195 + 37 = 4*x + y, -126 = -2*x - 3*y. Let p = x - 58. Is p/((-12)/(-57))*-4 a composite number?
False
Let g = 15312 + -8786. Let r = -105 + g. Is r a composite number?
False
Suppose -3*q - 1446667 = -5*z, 219356 = -3*z - 2*q + 1087341. Is z a prime number?
False
Let h = -331 - -643. Is ((-546)/h)/((-2)/5224) prime?
False
Let y = 17388 - 17296. Suppose 0*a + 4*a = c + 2115, 5*c - 4*a + 10559 = 0. Let m = y - c. Is m prime?
True
Let m = -43 - -129. Let b = 93 - m. Suppose b*w - 12537 = -2*w. Is w composite?
True
Let f(l) = 3*l**2 + 4158. Let m be f(0). Suppose 5*t + m = 12*t. Suppose 0 = 4*c + w - t, 236 = c + 3*w + 93. Is c a prime number?
True
Suppose -80 = 11*a - 6*a. Is (-779284)/(-36) - a/72 a composite number?
False
Suppose 527004 = 3*v - 3*l, -75099 = 5*v - 4*l - 953440. Is v a prime number?
False
Suppose 0 = 8*v - 242202 + 71314. Is v prime?
False
Is 5/(17/45169*1) prime?
False
Let o(j) = -63485*j - 1509. Is o(-2) a prime number?
False
Let d(j) be the first derivative of -36*j + 36 - 68*j**2 + 23*j - 22*j. Is d(-9) prime?
False
Let u(c) = c**3 - 4*c**2 + 7*c + 7. Let a be u(-5). Let w = a + 426. Let o = w + -114. Is o composite?
False
Suppose 19*b - 4439292 = 2*b + 1322909. Is b prime?
False
Suppose -o + 16 = -5*o, 0 = 2*w - 2*o. Is (w + -3 - -4 - -5) + 1799 a composite number?
False
Let z(v) = -974019*v - 2915. Is z(-2) a composite number?
True
Is (-4574742)/(-22) - (5796/308 + -19) a prime number?
False
Suppose -t = -b - 83934 - 23081, 4*t - 3*b - 428058 = 0. Is t prime?
False
Is (-8)/(-6)*((-1)/(-4))/(63/156830877) prime?
False
Is -4 + 4 + 866482*(-27)/(-18) a composite number?
True
Suppose -115*c + 92*c + 138 = 0. Let y(g) = 6*g**3 - 7*g**2 - 4*g + 21. Is y(c) prime?
False
Suppose 37398310 = 161*c - 11839885 - 2454558. Is c composite?
False
Suppose o - 47487 = 4*i, -25*i - 142393 = -3*o - 30*i. Suppose -134603 + o = -12*q. Is q a prime number?
False
Suppose x + 1222 = 5*u + 3456, 2242 = -5*u + 3*x. Let g = 1138 + u. Let d = 1063 - g. Is d prime?
False
Let i(c) = 2289*c**2 + 55*c - 39. Is i(5) a prime number?
False
Suppose 184 = 2*w + 26. Let z(a) = 258*a + 582. Let y be z(-2). Let j = w - y. Is j a composite number?
False
Let x(o) = -10*o**3 + 5*o**2 - 2*o - 6. Let a be x(-4). Is 7 + -3 - a*3/(-2) a prime number?
True
Suppose 5*m - 4 = 9*m. Let x be 16926/7*m/(-2). Suppose 5*k - 4*a - 2226 + 211 = 0, 2*a - x = -3*k. Is k a prime number?
False
Suppose 0 = -17*f + 54 - 20. Is (17404/6 - f/(-6)) + -4 a composite number?
False
Suppose 3*o + 8*n - 29 = 12*n, -4*o - n + 26 = 0. Let p(r) = 22*r**3 + 12*r**2 - 24*r + 65. Is p(o) composite?
True
Is 5 + 31/(-6) - 5409790/(-60) a composite number?
False
Let j be 3/(0 + 1 - 2) + 3. Suppose 2*y - 24 = y + 2*g, j = -4*g - 8. Is 189 + ((-8)/y)/((-1)/(-5)) prime?
False
Suppose 5610*n + 2*h - 1941834 = 5606*n, 2*n - 970912 = -2*h. Is n a composite number?
True
Suppose -1 - 3 = -4*c + o, 3*c = 5*o - 14. Let y = 1009 - 1292.